t x(j) = -16*j - j**3 - 7 + 9*j**2 + 20*j - 10*j. Let s(m) = m + 2. Let d be s(6). Calculate the remainder when 35 is divided by x(d).
8
What is the remainder when 252 is divided by ((-32)/(-24))/(5/((-75)/(-10)))?
0
Let c = 0 - -6. Let w(i) = -i**3 + 7*i**2 - i - 5. Calculate the remainder when w(c) is divided by (1/(-3))/(11/(-297)).
7
Calculate the remainder when 78 is divided by -9 - (-214)/8 - 6/8.
10
Suppose o = 5*g - 3*g - 10, 0 = 4*o - 3*g + 65. Let p be 1*-1*(36 + -2). Let u = o - p. Calculate the remainder when u is divided by 4.
2
Let c be 4/7 - (-684)/(-21). Let h(u) = u + 69. Calculate the remainder when h(c) is divided by 8.
5
Suppose -s + 15 = 4*s. Suppose -3*h - 4*z - 25 = 0, -15 = -3*z - 0*z. Calculate the remainder when h/6*(-6)/5 is divided by s.
0
Let h = -24 - -34. Let v = h - 0. Let p = 26 - v. What is the remainder when p is divided by 9?
7
Suppose -723*c + 35 = -722*c. What is the remainder when 347 is divided by c?
32
Let j(p) = -13 + p - p**2 - 2 - p. Let b be j(0). Let k = -12 - b. Calculate the remainder when 4 is divided by k.
1
Let j = -69 - -27. Let k = -26 - j. What is the remainder when 62 is divided by k?
14
Suppose i + i = -22. Calculate the remainder when 47 - (2/4 + i/(-22)) is divided by 12.
10
Let q = 186 + -146. What is the remainder when q is divided by 25?
15
What is the remainder when 365 is divided by (-822)/(-51) + 4/(-34)?
13
Let x = -4 - -8. Suppose 0*c - 5*v = -x*c + 59, -4*v + 32 = 4*c. Suppose 5*a = -5, -37 + 200 = 3*k - 4*a. Calculate the remainder when k is divided by c.
9
Let h = -39 - -90. Let n = 75 - h. Calculate the remainder when 47 is divided by n.
23
Suppose z = v + 37 + 8, -4*z = -v - 165. Suppose 0 = 8*r - 184 - z. What is the remainder when r is divided by 11?
6
Let l(a) = a + 26. Suppose w = -5*q + 2 - 12, q - 10 = w. Calculate the remainder when l(w) is divided by 7.
2
Let m(v) = -v**3 + 6*v**2 - 5*v + 4. Let d be m(5). Suppose d*f = -3*c - 38, -5*c - f - 42 = -5*f. Let x = 21 + c. What is the remainder when x is divided by 7?
4
Let l = -664 - -717. Let m(p) = -p**3 + 5*p**2 + 6*p - 2. Let d be m(6). What is the remainder when l is divided by 0 - (54/d - 0)?
26
What is the remainder when 349 is divided by -11 + 0 + 21/1?
9
Suppose -14 = -h - 6*h. Suppose -h*b - 146 = -2*f, 4*f + 0*f - 316 = -4*b. Calculate the remainder when f is divided by 20.
16
Let v be 1/(-4) - (-41)/4. Suppose 3*a + v = -2*a. What is the remainder when -5*((-48)/10 + a) is divided by 18?
16
Let u be 0 - -1 - (0 + -2). Suppose 2 = -u*d - 7, -3*w + 87 = -d. Calculate the remainder when w is divided by 15.
13
Let p(j) = 10*j**2 - j - 1. Let u be 8 + 2/(0 + -2). Let n = u + 3. Calculate the remainder when p(2) is divided by n.
7
Suppose -642 = -3*q - 2*p - p, 0 = -5*q + p + 1094. What is the remainder when q is divided by 55?
53
Let d = -30 + 45. Suppose -2 = w + 1, v - 69 = 4*w. Calculate the remainder when v is divided by d.
12
Suppose -2*t + 4*t = 22. Let f = 12 - t. What is the remainder when 14 is divided by 0/(f - 0) + 6?
2
Let t = 175 + -329. Let c be (6/7)/((-33)/t). Suppose -u - 3*u = 4*g - 128, 4*g = c*u - 136. What is the remainder when u is divided by 12?
9
Let r(d) = 3*d**3 + 14*d**2 - 11*d - 6. Suppose a - 64 - 29 = 0. Calculate the remainder when a is divided by r(-5).
21
Let h(o) = -o - 6. Let j be -2 - -6 - 7 - -39. Calculate the remainder when 6/j + 202/12 is divided by h(-10).
1
Let c(h) = -h**3 - 5*h**2 - 4*h + 4. Let v = -19 - -22. Suppose v = -4*i - 2*a + 39, 0 = 4*i + 5*a - 36. Calculate the remainder when i is divided by c(-4).
1
Let u(o) = o + 9. Let t be u(3). Suppose -i - 5*k + 52 = 3*i, t = -i + 5*k. Calculate the remainder when 27 is divided by i.
3
Let s = -10 + 14. Let a(c) = -10*c. Let v be a(-1). Let o = -7 + v. What is the remainder when s is divided by o?
1
Let a(l) = l**2 + 13*l - 14. Let m be a(-14). Suppose -u + 3*v + 7 + 19 = m, 2*u - v - 37 = 0. What is the remainder when 48 is divided by u?
14
Suppose 183 = -0*k - 3*k + b, -k - 61 = -3*b. Let f = 66 + k. Calculate the remainder when 7 is divided by f.
2
Let g = -37 + 75. What is the remainder when 150*1 - (-27 - -30) is divided by g?
33
Calculate the remainder when 420 is divided by (((-2544)/9)/(-8))/(5/15).
102
Suppose 4*r - 697 - 107 = 0. Suppose -30*w = -29*w - 3*t - 28, -2*t - 98 = -3*w. What is the remainder when r is divided by w?
31
Let p(j) = -3*j**2 - 30*j - 9. What is the remainder when p(-9) is divided by 5?
3
Suppose 0 = 118*p - 121*p + 36. What is the remainder when p is divided by 11?
1
Let b be (-9)/(-12) - 174/8. Let l = -15 - b. Suppose 4*o = 2*i + 6, 4*o - 12 = -i - 3. What is the remainder when l is divided by o?
0
Let g = 39 - 29. Suppose d - 3*d + 4 = 0. Let v(y) = 3*y**3 - 3*y**2 + 3*y. Calculate the remainder when v(d) is divided by g.
8
Let q(a) = 3*a**2 + 41*a + 262. Calculate the remainder when 814 is divided by q(-9).
134
Suppose -53 = -2*c - 9. Let m = c + -13. Calculate the remainder when 44 is divided by m.
8
Suppose 0 = -d - 3, 0 = 5*s + 2*d - 0*d - 14. Suppose -3*a + s*a + 11 = 4*h, 3*a - 4*h - 7 = 0. Calculate the remainder when (6/15)/(16/680) is divided by a.
8
Let s(o) be the second derivative of 5*o**4/6 + o**3/2 + 3*o**2/2 - 16*o. Calculate the remainder when s(-2) is divided by 13.
11
What is the remainder when -2995*(-3 + (-237)/(-75))*-5 is divided by 47?
46
Let m(j) = j - 5. Suppose 0 = 2*c + 4*o - 20, -5*o - 1 = -c + 2. Calculate the remainder when m(18) is divided by c.
5
Let r(o) = -9*o**3 - 2*o**2 + 6*o + 5. Calculate the remainder when r(-2) is divided by 19.
0
Let l(y) = -y**2 - 11*y - 22. What is the remainder when 173 is divided by l(-5)?
5
Let h(n) = n**3 - 17*n**2 + n + 13. Calculate the remainder when h(17) is divided by -1 - (-13)/9*-3*-3.
6
Suppose -6*r + 16 = -2*x, -5*r + 2*x = -5 - 7. What is the remainder when 111 is divided by r?
3
Suppose 2*n + 108 = -2*n. Let t = -18 - n. Calculate the remainder when t is divided by (-5)/(-1 - (-3)/18).
3
Suppose 6*i - 9 = 3*i. Suppose 2*c = u + 8, u - 3*u - 3*c = -19. Suppose 2*g = -u*l - 3*g + 89, -4*l = i*g - 213. What is the remainder when l is divided by 20?
17
Calculate the remainder when (1 - 85)*(-58)/87 is divided by 10.
6
Let i be 18/(-3 - (-2 - (-3)/(-1))). Suppose 4*t - 25 = -3*d, -i = -5*d - t + 27. What is the remainder when 25 is divided by d?
4
Suppose 56 = -5*q + 446. Let p = q + -66. What is the remainder when 57 is divided by p?
9
Let z(k) = -k**2 + 7*k - 8. Let r be z(5). Let u(l) = 6*l**2 - 2*l + 3. Calculate the remainder when 42 is divided by u(r).
19
Let m(g) = 4*g**3 + g**2 - 3*g + 5. Suppose -4*a + a + w + 37 = 0, 0 = 4*a + 4*w - 44. What is the remainder when m(2) is divided by a?
11
What is the remainder when 69 is divided by (-39 - 0)*(-1)/(4 + -1)?
4
Suppose -c = -13 + 20. Calculate the remainder when (-43)/(-5) - 4/(-10) is divided by 18/(-6) + (1 - c).
4
Suppose -1426 - 4385 = -39*q. What is the remainder when q is divided by 30?
29
Suppose 0 = 2*g - k - 15, -50 = -9*g + 4*g + 5*k. Suppose -g*x + 22 = 7. Let s = 28 - 27. Calculate the remainder when x is divided by s.
0
Suppose -290 = -10*s + 800. What is the remainder when s is divided by 10?
9
Let c(k) = 2*k + 5 - 4*k + 7 + 15. Suppose -4 = -d - 1. What is the remainder when d is divided by c(12)?
0
Suppose -4*h - 191 = -3*r - 22, -2*h = 3*r - 199. Suppose -2*n + 53 = n - v, -5*n - v = -75. Calculate the remainder when r is divided by n.
15
What is the remainder when 644/6 - 16/12 is divided by 43?
20
What is the remainder when 28 is divided by ((-9 - -1)/(-8))/(2/4)?
0
Let d = 128 + 5. Calculate the remainder when d is divided by 5.
3
Let b(o) = -o**2 + 14*o + 26. Let h be b(16). Let r be (-3)/((h/5)/6). Let x = 68 - r. Calculate the remainder when x is divided by 28.
25
Suppose 0 = -3*w - 3, 0*j - 5*j + 8*w = -158. What is the remainder when 71 is divided by j?
11
Let a be 2 + -1*(-4 - -1). Suppose a*i - 6*i + 50 = 0. Calculate the remainder when i is divided by 13.
11
Suppose -24 = b - 2*b. Calculate the remainder when b is divided by 22.
2
Suppose -3*t = -6*t + b + 13, 0 = -t + 2*b - 4. Let j(p) = -p**3 + 8*p**2 - 6*p - 2. What is the remainder when j(t) is divided by 9?
7
Let h be (-42)/(71/18 + -4). Suppose 3*b + 5*p = h, -5*p - 1406